hat is the thousands digit of 130650?
0
What is the thousands digit of 4114024?
4
What is the thousands digit of 1982433?
2
What is the millions digit of 1085952?
1
What is the units digit of 4698389?
9
What is the hundred thousands digit of 869166?
8
What is the hundreds digit of 1088098?
0
What is the ten thousands digit of 2071447?
7
What is the ten thousands digit of 1539438?
3
What is the hundred thousands digit of 19100790?
1
What is the hundred thousands digit of 297318?
2
What is the thousands digit of 2220698?
0
What is the millions digit of 1279743?
1
What is the ten thousands digit of 2178024?
7
What is the hundreds digit of 28831632?
6
What is the tens digit of 111690?
9
What is the thousands digit of 943133?
3
What is the hundred thousands digit of 937407?
9
What is the hundreds digit of 159791?
7
What is the units digit of 167414?
4
What is the hundreds digit of 107244?
2
What is the units digit of 1337112?
2
What is the ten thousands digit of 5079665?
7
What is the units digit of 48069?
9
What is the hundred thousands digit of 814668?
8
What is the hundred thousands digit of 370179?
3
What is the hundred thousands digit of 1077960?
0
What is the thousands digit of 262490?
2
What is the hundred thousands digit of 13508822?
5
What is the tens digit of 601576?
7
What is the thousands digit of 1768741?
8
What is the ten thousands digit of 428131?
2
What is the thousands digit of 1331176?
1
What is the tens digit of 8229003?
0
What is the thousands digit of 10987673?
7
What is the tens digit of 16988154?
5
What is the ten thousands digit of 3869660?
6
What is the thousands digit of 35560?
5
What is the thousands digit of 615828?
5
What is the millions digit of 13691380?
3
What is the millions digit of 1841904?
1
What is the units digit of 451536?
6
What is the hundred thousands digit of 3090969?
0
What is the ten thousands digit of 1304140?
0
What is the hundred thousands digit of 6146096?
1
What is the hundreds digit of 113790?
7
What is the tens digit of 9020414?
1
What is the tens digit of 67700?
0
What is the thousands digit of 1344324?
4
What is the hundred thousands digit of 11304065?
3
What is the thousands digit of 285206?
5
What is the units digit of 453923?
3
What is the millions digit of 1271969?
1
What is the tens digit of 164769?
6
What is the units digit of 322830?
0
What is the millions digit of 2539325?
2
What is the tens digit of 2295728?
2
What is the units digit of 705332?
2
What is the thousands digit of 13419086?
9
What is the thousands digit of 44360?
4
What is the units digit of 5804876?
6
What is the thousands digit of 3850575?
0
What is the ten thousands digit of 7640330?
4
What is the hundred thousands digit of 377331?
3
What is the units digit of 31475?
5
What is the tens digit of 260698?
9
What is the hundreds digit of 20784522?
5
What is the tens digit of 1102716?
1
What is the ten thousands digit of 3076856?
7
What is the tens digit of 246715?
1
What is the units digit of 1640956?
6
What is the hundreds digit of 779249?
2
What is the units digit of 2022610?
0
What is the hundreds digit of 8074226?
2
What is the ten thousands digit of 12790748?
9
What is the units digit of 276780?
0
What is the ten thousands digit of 14985?
1
What is the tens digit of 2786662?
6
What is the hundred thousands digit of 1651312?
6
What is the ten thousands digit of 3037857?
3
What is the ten millions digit of 26856004?
2
What is the hundred thousands digit of 491850?
4
What is the thousands digit of 6132149?
2
What is the millions digit of 2201661?
2
What is the thousands digit of 1095392?
5
What is the ten thousands digit of 13758914?
5
What is the tens digit of 1171336?
3
What is the ten millions digit of 10015903?
1
What is the ten thousands digit of 6275679?
7
What is the units digit of 494755?
5
What is the hundreds digit of 62449?
4
What is the tens digit of 2911588?
8
What is the hundred thousands digit of 1349552?
3
What is the hundreds digit of 31929?
9
What is the thousands digit of 583318?
3
What is the ten millions digit of 11912629?
1
What is the hundred thousands digit of 17062680?
0
What is the thousands digit of 571091?
1
What is the ten thousands digit of 645628?
4
What is the hundred thousands digit of 5195481?
1
What is the hundreds digit of 102332?
3
What is the hundreds digit of 25294207?
2
What is the millions digit of 1124336?
1
What is the ten thousands digit of 6927196?
2
What is the units digit of 2132953?
3
What is the hundred thousands digit of 933481?
9
What is the tens digit of 80235?
3
What is the hundreds digit of 25159599?
5
What is the millions digit of 11922836?
1
What is the units digit of 1086062?
2
What is the hundreds digit of 944952?
9
What is the hundred thousands digit of 268613?
2
What is the thousands digit of 304575?
4
What is the ten thousands digit of 73942?
7
What is the units digit of 365429?
9
What is the thousands digit of 1849121?
9
What is the ten thousands digit of 10373542?
7
What is the tens digit of 580977?
7
What is the tens digit of 18330?
3
What is the ten thousands digit of 102597?
0
What is the thousands digit of 864987?
4
What is the hundreds digit of 870236?
2
What is the units digit of 1813099?
9
What is the ten thousands digit of 3937509?
3
What is the hundred thousands digit of 1900449?
9
What is the hundreds digit of 363525?
5
What is the units digit of 3094295?
5
What is the hundreds digit of 344985?
9
What is the tens digit of 12702750?
5
What is the units digit of 11568414?
4
What is the thousands digit of 4120015?
0
What is the thousands digit of 6908025?
8
What is the units digit of 553940?
0
What is the units digit of 1622700?
0
What is the ten thousands digit of 21495?
2
What is the units digit of 16881632?
2
What is the tens digit of 40862?
6
What is the thousands digit of 5042622?
2
What is the tens digit of 3464291?
9
What is the units digit of 2992379?
9
What is the tens digit of 228748?
4
What is the millions digit of 14699921?
4
What is the units digit of 1111561?
1
What is the hundreds digit of 4509645?
6
What is the tens digit of 705060?
6
What is the ten thousands digit of 18112182?
1
What is the hundreds digit of 2737415?
4
What is the units digit of 760557?
7
What is the hundreds digit of 3572177?
1
What is the hundreds digit of 119766?
7
What is the hundreds digit of 192388?
3
What is the ten thousands digit of 14074?
1
What is the thousands digit of 2905680?
5
What is the thousands digit of 1940119?
0
What is the ten thousands digit of 589833?
8
What is the tens digit of 612738?
3
What is the units digit of 1587745?
5
What is the thousands digit of 4564760?
4
What is the thousands digit of 1601766?
1
What is the tens digit of 1626649?
4
What is the thousands digit of 732590?
2
What is the hundreds digit of 761287?
2
What is the millions digit of 5072274?
5
What is the hundred thousands digit of 11403345?
4
What is the hundred thousands digit of 9999480?
9
What is the hundreds digit of 2746304?
3
What is the millions digit of 10572876?
0
What is the hundred thousands digit of 356910?
3
What is the millions digit of 1003360?
1
What is the millions digit of 4545683?
4
What is the ten thousands digit of 666380?
6
What is the hundreds digit of 6268821?
8
What is the tens digit of 9534?
3
What is the thousands digit of 21509186?
9
What is the thousands digit of 836730?
6
What is the ten thousands digit of 479770?
7
What is the millions digit of 5193883?
5
What is the units digit of 1767412?
2
What is the units digit of 43340?
0
What is the millions digit of 4430167?
4
What is the ten millions digit of 22476270?
2
What is the units digit of 7258928?
8
What is the hundred thousands digit of 460419?
4
What is the thousands digit of 5322079?
2
What is the millions digit of 1133749?
1
What is the ten thousands digit of 13781335?
8
What is the units digit of 294479?
9
What is the thousands digit of 322632?
2
What is the thousands digit of 3818645?
8
What is the hundred thousands digit of 153550?
1
What is the hundred thousands digit of 217664?
2
What is the units digit of 1638687?
7
What is the tens digit of 46697?
9
What is the units digit of 80090?
0
What is the tens digit of 4793889?
8
What is the ten thousands digit of 2867336?
6
What is the